inder when 309 is divided by 2.
1
What is the remainder when 899 is divided by 165?
74
Calculate the remainder when 674 is divided by 343.
331
What is the remainder when 862 is divided by 24?
22
What is the remainder when 17859 is divided by 10?
9
Calculate the remainder when 1695 is divided by 27.
21
What is the remainder when 295 is divided by 149?
146
Calculate the remainder when 1220 is divided by 17.
13
Calculate the remainder when 887 is divided by 74.
73
Calculate the remainder when 376 is divided by 35.
26
Calculate the remainder when 1436 is divided by 72.
68
Calculate the remainder when 606 is divided by 170.
96
Calculate the remainder when 30 is divided by 20.
10
What is the remainder when 455 is divided by 12?
11
What is the remainder when 240 is divided by 120?
0
What is the remainder when 86 is divided by 15?
11
Calculate the remainder when 54887 is divided by 24.
23
What is the remainder when 120 is divided by 37?
9
What is the remainder when 76 is divided by 8?
4
What is the remainder when 43510 is divided by 74?
72
Calculate the remainder when 518 is divided by 275.
243
Calculate the remainder when 63 is divided by 37.
26
What is the remainder when 122 is divided by 46?
30
What is the remainder when 878 is divided by 158?
88
What is the remainder when 974 is divided by 167?
139
What is the remainder when 1908 is divided by 1905?
3
Calculate the remainder when 277 is divided by 46.
1
What is the remainder when 2879 is divided by 125?
4
What is the remainder when 106 is divided by 49?
8
What is the remainder when 202 is divided by 101?
0
What is the remainder when 267 is divided by 31?
19
Calculate the remainder when 350 is divided by 13.
12
What is the remainder when 419 is divided by 159?
101
Calculate the remainder when 470 is divided by 66.
8
Calculate the remainder when 337 is divided by 29.
18
Calculate the remainder when 858 is divided by 86.
84
Calculate the remainder when 8242 is divided by 243.
223
Calculate the remainder when 1088 is divided by 10.
8
Calculate the remainder when 199 is divided by 89.
21
What is the remainder when 1662 is divided by 4?
2
What is the remainder when 498 is divided by 128?
114
What is the remainder when 39 is divided by 6?
3
What is the remainder when 156 is divided by 122?
34
Calculate the remainder when 65 is divided by 11.
10
Calculate the remainder when 58 is divided by 25.
8
What is the remainder when 69 is divided by 35?
34
Calculate the remainder when 847 is divided by 106.
105
What is the remainder when 85 is divided by 59?
26
What is the remainder when 1353 is divided by 77?
44
Calculate the remainder when 519 is divided by 89.
74
What is the remainder when 122 is divided by 31?
29
What is the remainder when 7396 is divided by 54?
52
What is the remainder when 215 is divided by 14?
5
Calculate the remainder when 915 is divided by 131.
129
Calculate the remainder when 15 is divided by 9.
6
What is the remainder when 164 is divided by 67?
30
Calculate the remainder when 50 is divided by 9.
5
What is the remainder when 68 is divided by 5?
3
What is the remainder when 251 is divided by 63?
62
Calculate the remainder when 1614 is divided by 101.
99
What is the remainder when 455 is divided by 3?
2
Calculate the remainder when 1316 is divided by 34.
24
What is the remainder when 961 is divided by 29?
4
What is the remainder when 749 is divided by 105?
14
What is the remainder when 560 is divided by 15?
5
What is the remainder when 123 is divided by 112?
11
Calculate the remainder when 207 is divided by 19.
17
What is the remainder when 57 is divided by 29?
28
What is the remainder when 378 is divided by 114?
36
What is the remainder when 449 is divided by 150?
149
What is the remainder when 163 is divided by 29?
18
Calculate the remainder when 367 is divided by 16.
15
Calculate the remainder when 1112 is divided by 66.
56
What is the remainder when 2362 is divided by 11?
8
Calculate the remainder when 11680 is divided by 118.
116
What is the remainder when 196 is divided by 20?
16
What is the remainder when 3378 is divided by 65?
63
Calculate the remainder when 789 is divided by 12.
9
What is the remainder when 707 is divided by 65?
57
Calculate the remainder when 7472 is divided by 115.
112
What is the remainder when 17 is divided by 11?
6
What is the remainder when 1215 is divided by 37?
31
What is the remainder when 395 is divided by 101?
92
Calculate the remainder when 76 is divided by 6.
4
Calculate the remainder when 960 is divided by 42.
36
What is the remainder when 407 is divided by 16?
7
Calculate the remainder when 6228 is divided by 35.
33
What is the remainder when 719 is divided by 24?
23
Calculate the remainder when 1644 is divided by 237.
222
What is the remainder when 530 is divided by 89?
85
Calculate the remainder when 644 is divided by 608.
36
Calculate the remainder when 416 is divided by 15.
11
Calculate the remainder when 2896 is divided by 46.
44
Calculate the remainder when 873 is divided by 176.
169
What is the remainder when 633 is divided by 208?
9
What is the remainder when 156 is divided by 48?
12
Calculate the remainder when 105 is divided by 20.
5
Calculate the remainder when 2181 is divided by 56.
53
What is the remainder when 348 is divided by 44?
40
What is the remainder when 658 is divided by 84?
70
What is the remainder when 363 is divided by 52?
51
What is the remainder when 51 is divided by 48?
3
Calculate the remainder when 481 is divided by 109.
45
What is the remainder when 385 is divided by 47?
9
What is the remainder when 3417 is divided by 172?
149
Calculate the remainder when 556 is divided by 71.
59
What is the remainder when 1886 is divided by 21?
17
What is the remainder when 171 is divided by 49?
24
What is the remainder when 248 is divided by 10?
8
What is the remainder when 184 is divided by 7?
2
Calculate the remainder when 8789 is divided by 732.
5
What is the remainder when 604 is divided by 125?
104
Calculate the remainder when 130 is divided by 41.
7
What is the remainder when 349 is divided by 333?
16
Calculate the remainder when 374 is divided by 128.
118
Calculate the remainder when 1356 is divided by 390.
186
What is the remainder when 491 is divided by 38?
35
What is the remainder when 66 is divided by 36?
30
Calculate the remainder when 130 is divided by 24.
10
Calculate the remainder when 1071 is divided by 54.
45
Calculate the remainder when 90 is divided by 41.
8
Calculate the remainder when 6073 is divided by 290.
273
What is the remainder when 72 is divided by 39?
33
Calculate the remainder when 166 is divided by 34.
30
Calculate the remainder when 1516 is divided by 16.
12
What is the remainder when 3680 is divided by 29?
26
What is the remainder when 279 is divided by 94?
91
Calculate the remainder when 6940 is divided by 78.
76
Calculate the remainder when 264 is divided by 125.
14
What is the remainder when 106 is divided by 99?
7
What is the remainder when 68 is divided by 10?
8
Calculate the remainder when 388 is divided by 6.
4
What is the remainder when 289 is divided by 282?
7
Calculate the remainder when 79 is divided by 19.
3
Calculate the remainder when 99 is divided by 77.
22
Calculate the remainder when 585 is divided by 2.
1
Calculate the remainder when 1339 is divided by 79.
75
What is the remainder when 599 is divided by 20?
19
What is the remainder when 69 is divided by 13?
4
What is the remainder when 7344 is divided by 3671?
2
What is the remainder when 90 is divided by 66?
24
Calculate the remainder when 138 is divided by 12.
6
Calculate the remainder when 533 is divided by 89.
88
Calculate the remainder when 299 is divided by 34.
27
What is the remainder when 879 is divided by 9?
6
Calculate the remainder when 171 is divided by 57.
0
Calculate the remainder when 453 is divided by 26.
11
Calculate the remainder when 758 is divided by 16.
6
What is the remainder when 19501 is divided by 23?
20
Calculate the remainder when 6754 is divided by 12.
10
What is the remainder when 27 is divided by 12?
3
Calculate the remainder when 55 is divided by 11.
0
Calculate the remainder when 64 is divided by 39.
25
What is the remainder when 113 is divided by 57?
56
What is the remainder when 118 is divided by